*x - 1833. Let y be j(56). Let k = -30 - -45. Calculate the greatest common divisor of k and y.
15
Let y be (-2)/9 + (-958)/(-18). Suppose -p - y = -m + 122, p = -4. What is the highest common divisor of 9 and m?
9
Let r be 15/(45/82)*66/4. What is the highest common divisor of r and 11?
11
Let x(n) = 10*n**2 + 3*n - 3. Let u be x(-4). Let q(g) = -3*g**2 + 2. Let w be q(3). Let j = w + 54. What is the greatest common factor of j and u?
29
Let k be 77/(-11)*(-1)/1. Suppose 4*w - 5 = k. What is the greatest common factor of 6 and w?
3
Suppose -3*u + 50 = 2*m - 2*u, 5*m - 4*u = 151. What is the greatest common divisor of 36 and m?
9
Let c(q) = -q**3 - 2*q**2 + 21*q - 7. Let o be c(-6). Let z be 18/(-48) - (-443)/8. Calculate the highest common factor of o and z.
11
Let c be 0 + 256 + 3 + (-7)/(-1). Calculate the greatest common divisor of 14 and c.
14
Suppose 2*o = 7*o. Suppose 5*f - f = o. Suppose -4*r + f*r = -16. Calculate the highest common divisor of 32 and r.
4
Let n = 400 + -170. What is the greatest common divisor of n and 10?
10
Suppose 31*k + 12*k = 387. Calculate the greatest common divisor of k and 84.
3
Suppose 4*q = 2*n - 42 + 168, -3*q + 78 = 4*n. What is the highest common factor of q and 80?
10
Let j(c) = 62*c + 10 - 63*c + 0. Let x be j(10). Let l be x/(2/1) - -105. What is the highest common factor of l and 42?
21
Let b(o) = 41*o**2 - 28*o - 61. Let n be b(-2). Calculate the greatest common factor of n and 371.
53
Let m be (-2)/(-12) - (-5)/6. Let a be 115/((m/(-1))/(-2)) - 2. What is the highest common divisor of 12 and a?
12
Let c(s) = -3*s. Let n be c(-2). Let d be ((-30)/n)/(1 - 2). Let z = 245 + -235. Calculate the greatest common factor of d and z.
5
Suppose 165 = 5*j - 0*j. Let r = 40 - j. Calculate the highest common divisor of 28 and r.
7
Suppose -16*y = -2*y - 2926. Calculate the greatest common factor of y and 11.
11
Let u be (376/(-2))/((-8)/14). Calculate the highest common divisor of u and 47.
47
Let j = 40 - 60. Let s be (8/j)/((-3)/60). Calculate the highest common divisor of 44 and s.
4
Let p = 244 - 233. What is the greatest common divisor of p and 209?
11
Suppose 3*j = -2*s + 5*j, -21 = 3*s + 4*j. Let b be ((1 - 0) + s)/2. Let l be 4/6 - b/3. What is the highest common factor of l and 2?
1
Suppose 0 = -5*j + 2*p - 22, 2*j - 5*p = -j + 2. Let m be (-2301)/(-45) + j/45. Suppose 0*u - 34 = -2*u. Calculate the highest common factor of m and u.
17
Suppose -67*o + 68*o - 14 = 0. What is the greatest common divisor of o and 98?
14
Suppose -5*f - 15 = 0, -2*f = 8*r - 9*r + 76. What is the greatest common factor of 665 and r?
35
Suppose -2095 = 5*z - 50. Let s be (-1)/3 + z/(-3). What is the greatest common factor of s and 17?
17
Let l(z) be the first derivative of z**4/2 - 2*z**3/3 - z**2 + 3*z - 3. Let g be l(2). Let i = -32 + 88. What is the highest common factor of i and g?
7
Suppose -2*v + 2*o = -16, 17 = -20*v + 22*v - o. Calculate the greatest common divisor of 9 and v.
9
Let w(d) be the first derivative of -7*d**2/2 - 41*d + 6. Let x be w(-20). Calculate the greatest common divisor of x and 33.
33
Let f(o) = -o**2 + 13*o + 24. Let m be f(14). Let v be 1/(-4) - (-141)/(-12). Let s = v - -14. Calculate the greatest common divisor of s and m.
2
Suppose -5*z + 1829 = -3*x + 369, -5*z + 1460 = 2*x. What is the greatest common divisor of 12 and z?
4
Let g be ((-1)/3)/(((-49)/(-7))/(-105)). Suppose -g*l + 5*k + 13 = -7, -14 = -3*l + 5*k. What is the highest common factor of l and 54?
3
Let q(k) = -17*k**2 + 4*k + 3*k + k**3 + 337 - 341. Let p be q(17). Suppose 3*o - p - 35 = 3*h, 5*o + 3*h = 234. What is the greatest common factor of 72 and o?
24
Let n(l) = -l + 15. Let c be n(-11). Suppose -2*h = -5*g + 36 + 66, -g - h + c = 0. Calculate the highest common divisor of 55 and g.
11
Suppose 5*h = 4*b - 49, -5*h = -2*b - 10*h + 17. Calculate the greatest common factor of b and 44.
11
Let q(t) = -2*t**3 - t**2 - t - 10. Let r be q(-5). Suppose j - 16 = 4*f, 2*j + f = 46 - 5. What is the highest common factor of j and r?
20
Let m(i) = -2*i**3 - 3*i**2 - 2*i - 10. Let k be m(-3). What is the highest common factor of 115 and k?
23
Let c = -160 + 170. Let o(l) be the third derivative of l**4/3 + l**3/6 - l**2. Let n be o(3). What is the highest common divisor of c and n?
5
Let z = 325 + -260. What is the greatest common divisor of 91 and z?
13
Let n(t) = t - 3. Let j(b) = 2*b - 2. Let k(y) = 2*j(y) - 3*n(y). Let a be k(-3). What is the greatest common factor of 1 and a?
1
Let g = -21 - -24. Let k be 16 + (g + -7 - 0). Calculate the highest common factor of k and 48.
12
Let m(o) = 3*o - 3. Let h be m(6). Let q(t) = -5 - 5*t - 4*t**3 + 3*t - 4*t**2 - t**2 + 3*t**3. Let f be q(-5). Calculate the greatest common factor of h and f.
5
Let p be (-4)/28 + 648/28. Suppose -p*k + 272 = -19*k. What is the highest common divisor of k and 17?
17
Let x(r) = 10*r + 13. Let i be x(13). Suppose a + n + 2*n + 2 = 0, 0 = -5*a + 5*n + 90. What is the greatest common factor of a and i?
13
Let y(i) = -17*i + 65. Let d be y(9). Let v = -78 - d. Calculate the greatest common divisor of 140 and v.
10
Suppose 44 = x + 46. Let a be 1/(1*-1) - -13. Let c be a/x*(-16)/6. What is the greatest common divisor of c and 2?
2
Let m be ((-21)/9 - -3)*15. Suppose -15 = -m*y + 9*y. Calculate the highest common divisor of 5 and y.
5
Suppose -m - 1 = -5*j + 7, -m + 37 = 4*j. Suppose -q - 2*b + 30 = 0, -b + 58 = 3*q - m. Calculate the greatest common factor of 12 and q.
12
Let m = -73 + -12. Let z be (-2121)/14*4/3. Let o = m - z. What is the highest common divisor of 13 and o?
13
Suppose 4*b + 288 = 412. What is the greatest common factor of 248 and b?
31
Suppose -7*q = -347 + 67. Suppose 3*w - 132 = -3*a, 2*w - 57 = -5*a + q. Calculate the greatest common divisor of w and 451.
41
Suppose 0 = -4*o - 2*u + 150, -3*u + 171 = 3*o + 63. Let z be (-160)/(-26) - 6/o. Suppose -21 + 3 = -z*s. What is the greatest common factor of s and 9?
3
Let q = 13 - 2. Suppose x - q = 36. Calculate the greatest common divisor of 282 and x.
47
Let c(l) = -13*l**3 + 5*l + 5. Let b be c(-2). Calculate the highest common factor of b and 44.
11
Let o be (-2600)/(-75) + (-4)/(-9)*3. What is the highest common factor of o and 2196?
36
Let x be 52/12 - 2/(-3). Let d = 2 + x. Let o = 19 + d. What is the greatest common factor of 182 and o?
26
Suppose -42*n + 640 = -34*n. What is the greatest common factor of 200 and n?
40
Let d = -47 - -69. Suppose 0 = 4*x + j - 444, x - j + 0*j - 106 = 0. Suppose -x = -0*a - 2*a. Calculate the highest common factor of a and d.
11
Let q = 16 + -16. Suppose -7*k + k = q. Suppose -2*s = -8, -x - s + 0*s + 18 = k. Calculate the highest common divisor of x and 21.
7
Suppose 5*a + 2*h = 20, -4*a - 3*h + 0 + 9 = 0. Suppose -3*g + 69 = -4*d + 273, 4*d + 4*g = 176. What is the greatest common divisor of d and a?
6
Suppose 0 = -3*n + 4*n - 28. Let p = -6 + n. Let w = 46 - p. What is the highest common factor of w and 72?
24
Suppose 10*p - 7*p = 567. What is the highest common factor of 7 and p?
7
Suppose 7*g - 4043 = -823. Calculate the greatest common factor of g and 50.
10
Let d be 25/(-5) + 5 - 52*-2. Suppose 11 = 5*f - y, 2 - 3 = 2*f + 5*y. Let j be ((-39)/(-3))/(f/4). Calculate the highest common divisor of d and j.
26
Suppose 4 = q + t - 3, -2*q = -4*t - 32. Let c(w) = 21*w**2 - 2*w + 4. Let n be c(3). Suppose 2*v = -47 + n. Calculate the greatest common factor of v and q.
10
Let v = -30 - -34. Suppose v*k = -3*a + 299, k - 151 = -k - a. Calculate the highest common divisor of 11 and k.
11
Let g = 114 - 132. Let u(i) = -6*i + 3. Let w be u(3). Let r = w - g. Calculate the greatest common divisor of r and 33.
3
Suppose 14*n - 3920 = 7*n. What is the highest common factor of n and 70?
70
Suppose -5*c + 66 - 46 = 0. Suppose -2*y = -5*y + 4*h + 18, 0 = c*y - 5*h - 25. Calculate the highest common factor of y and 2.
2
Let g be ((-38961)/(-585))/((2/(-1))/(-10)). What is the highest common divisor of g and 74?
37
Let a = -1031 - -1055. What is the greatest common divisor of 204 and a?
12
Let l = 74 + -60. What is the highest common factor of 924 and l?
14
Let s(v) = v**3 - 3*v**2 + 7*v - 7. Let d be s(3). What is the greatest common divisor of d and 525?
7
Suppose